{"id":42,"date":"2014-02-14T13:51:27","date_gmt":"2014-02-14T13:51:27","guid":{"rendered":"http:\/\/website.oranienschule-elz.de\/?page_id=42"},"modified":"2024-09-27T04:49:25","modified_gmt":"2024-09-27T04:49:25","slug":"ueber-uns","status":"publish","type":"page","link":"https:\/\/website.oranienschule-elz.de\/?page_id=42","title":{"rendered":"\u00dcber uns"},"content":{"rendered":"\n<p class=\"has-medium-font-size\">Die Oranienschule Elz ist eine von zwei Grundschulen in Elz und befindet sich im <span style=\"text-align: justify; line-height: 1.5;\">Landkreis Limburg-Weilburg im westlichen Hessen an der Grenze zum Bundesland Rheinland-Pfalz.<\/span> Die Schule liegt am s\u00fcdlichen Dorfrand direkt im Wohngebiet und in unmittelbarer N\u00e4he zur Turnhalle und zum Kindergarten St. Martin. Sie ist eine reine Grundschule. Momentan gibt es an der Oranienschule 8 Klassen und 2 Vorlaufkurse. Die Sch\u00fclerzahl schwankt zwischen 120 und 150 Kindern. \u00a0Z<span style=\"text-align: justify; line-height: 1.5;\">ur Zeit verf\u00fcgt die Schule neben ihrer Schulleitung, Herrn Schupp (Rektor) und Herrn Koch (Konrektor) \u00fcber neun Lehrerinnen und Lehrer. Sie werden unterst\u00fctzt von einer BFZ-Lehrerin sowie einer UBUS-Kraft.<\/span> Unser Team wird unterst\u00fctzt von Frau Silbereisen, unserer Sekret\u00e4rin und Herrn Mintgen, unserem Hausmeister. Im Schuljahr 2024-25 wurde d<span style=\"text-align: justify; line-height: 1.5;\">ie Oranienschule in den Pakt f\u00fcr den Ganztag aufgenommen.<\/span> Wir bieten Betreuungszeiten zwischen 07.00 Uhr und 16.00 Uhr an.<\/p>\n\n\n\n<figure class=\"wp-block-image size-large\"><img loading=\"lazy\" decoding=\"async\" width=\"1024\" height=\"640\" src=\"https:\/\/website.oranienschule-elz.de\/wp-content\/uploads\/2024\/09\/Bilder-Schule-1024x640.jpg\" alt=\"\" class=\"wp-image-2268\" srcset=\"https:\/\/website.oranienschule-elz.de\/wp-content\/uploads\/2024\/09\/Bilder-Schule-1024x640.jpg 1024w, https:\/\/website.oranienschule-elz.de\/wp-content\/uploads\/2024\/09\/Bilder-Schule-300x188.jpg 300w, https:\/\/website.oranienschule-elz.de\/wp-content\/uploads\/2024\/09\/Bilder-Schule-768x480.jpg 768w, https:\/\/website.oranienschule-elz.de\/wp-content\/uploads\/2024\/09\/Bilder-Schule-1536x960.jpg 1536w, https:\/\/website.oranienschule-elz.de\/wp-content\/uploads\/2024\/09\/Bilder-Schule-2048x1280.jpg 2048w\" sizes=\"auto, (max-width: 1024px) 100vw, 1024px\" \/><\/figure>\n\n\n\n<p class=\"has-medium-font-size\"><\/p>\n<div class=\"pvc_clear\"><\/div><p id=\"pvc_stats_42\" class=\"pvc_stats all  \" data-element-id=\"42\" style=\"\"><i class=\"pvc-stats-icon small\" aria-hidden=\"true\"><svg aria-hidden=\"true\" focusable=\"false\" data-prefix=\"far\" data-icon=\"chart-bar\" role=\"img\" xmlns=\"http:\/\/www.w3.org\/2000\/svg\" viewBox=\"0 0 512 512\" class=\"svg-inline--fa fa-chart-bar fa-w-16 fa-2x\"><path fill=\"currentColor\" d=\"M396.8 352h22.4c6.4 0 12.8-6.4 12.8-12.8V108.8c0-6.4-6.4-12.8-12.8-12.8h-22.4c-6.4 0-12.8 6.4-12.8 12.8v230.4c0 6.4 6.4 12.8 12.8 12.8zm-192 0h22.4c6.4 0 12.8-6.4 12.8-12.8V140.8c0-6.4-6.4-12.8-12.8-12.8h-22.4c-6.4 0-12.8 6.4-12.8 12.8v198.4c0 6.4 6.4 12.8 12.8 12.8zm96 0h22.4c6.4 0 12.8-6.4 12.8-12.8V204.8c0-6.4-6.4-12.8-12.8-12.8h-22.4c-6.4 0-12.8 6.4-12.8 12.8v134.4c0 6.4 6.4 12.8 12.8 12.8zM496 400H48V80c0-8.84-7.16-16-16-16H16C7.16 64 0 71.16 0 80v336c0 17.67 14.33 32 32 32h464c8.84 0 16-7.16 16-16v-16c0-8.84-7.16-16-16-16zm-387.2-48h22.4c6.4 0 12.8-6.4 12.8-12.8v-70.4c0-6.4-6.4-12.8-12.8-12.8h-22.4c-6.4 0-12.8 6.4-12.8 12.8v70.4c0 6.4 6.4 12.8 12.8 12.8z\" class=\"\"><\/path><\/svg><\/i> <img loading=\"lazy\" decoding=\"async\" width=\"16\" height=\"16\" alt=\"Loading\" src=\"https:\/\/website.oranienschule-elz.de\/wp-content\/plugins\/page-views-count\/ajax-loader-2x.gif\" border=0 \/><\/p><div class=\"pvc_clear\"><\/div>","protected":false},"excerpt":{"rendered":"<p>Die Oranienschule Elz ist eine von zwei Grundschulen in Elz und befindet sich im Landkreis Limburg-Weilburg im westlichen Hessen an der Grenze zum Bundesland Rheinland-Pfalz. Die Schule liegt am s\u00fcdlichen Dorfrand direkt im Wohngebiet und in unmittelbarer N\u00e4he zur Turnhalle und zum Kindergarten St. Martin. Sie ist eine reine Grundschule. Momentan gibt es an der &hellip; <a href=\"https:\/\/website.oranienschule-elz.de\/?page_id=42\" class=\"more-link\"><span class=\"screen-reader-text\">\u00dcber uns<\/span> weiterlesen <span class=\"meta-nav\">&rarr;<\/span><\/a><\/p>\n<div class=\"pvc_clear\"><\/div>\n<p id=\"pvc_stats_42\" class=\"pvc_stats all  \" data-element-id=\"42\" style=\"\"><i class=\"pvc-stats-icon small\" aria-hidden=\"true\"><svg aria-hidden=\"true\" focusable=\"false\" data-prefix=\"far\" data-icon=\"chart-bar\" role=\"img\" xmlns=\"http:\/\/www.w3.org\/2000\/svg\" viewBox=\"0 0 512 512\" class=\"svg-inline--fa fa-chart-bar fa-w-16 fa-2x\"><path fill=\"currentColor\" d=\"M396.8 352h22.4c6.4 0 12.8-6.4 12.8-12.8V108.8c0-6.4-6.4-12.8-12.8-12.8h-22.4c-6.4 0-12.8 6.4-12.8 12.8v230.4c0 6.4 6.4 12.8 12.8 12.8zm-192 0h22.4c6.4 0 12.8-6.4 12.8-12.8V140.8c0-6.4-6.4-12.8-12.8-12.8h-22.4c-6.4 0-12.8 6.4-12.8 12.8v198.4c0 6.4 6.4 12.8 12.8 12.8zm96 0h22.4c6.4 0 12.8-6.4 12.8-12.8V204.8c0-6.4-6.4-12.8-12.8-12.8h-22.4c-6.4 0-12.8 6.4-12.8 12.8v134.4c0 6.4 6.4 12.8 12.8 12.8zM496 400H48V80c0-8.84-7.16-16-16-16H16C7.16 64 0 71.16 0 80v336c0 17.67 14.33 32 32 32h464c8.84 0 16-7.16 16-16v-16c0-8.84-7.16-16-16-16zm-387.2-48h22.4c6.4 0 12.8-6.4 12.8-12.8v-70.4c0-6.4-6.4-12.8-12.8-12.8h-22.4c-6.4 0-12.8 6.4-12.8 12.8v70.4c0 6.4 6.4 12.8 12.8 12.8z\" class=\"\"><\/path><\/svg><\/i> <img loading=\"lazy\" decoding=\"async\" width=\"16\" height=\"16\" alt=\"Loading\" src=\"https:\/\/website.oranienschule-elz.de\/wp-content\/plugins\/page-views-count\/ajax-loader-2x.gif\" border=0 \/><\/p>\n<div class=\"pvc_clear\"><\/div>\n","protected":false},"author":2,"featured_media":0,"parent":0,"menu_order":2,"comment_status":"closed","ping_status":"closed","template":"","meta":{"footnotes":""},"class_list":["post-42","page","type-page","status-publish","hentry"],"a3_pvc":{"activated":true,"total_views":8009,"today_views":3},"_links":{"self":[{"href":"https:\/\/website.oranienschule-elz.de\/index.php?rest_route=\/wp\/v2\/pages\/42","targetHints":{"allow":["GET"]}}],"collection":[{"href":"https:\/\/website.oranienschule-elz.de\/index.php?rest_route=\/wp\/v2\/pages"}],"about":[{"href":"https:\/\/website.oranienschule-elz.de\/index.php?rest_route=\/wp\/v2\/types\/page"}],"author":[{"embeddable":true,"href":"https:\/\/website.oranienschule-elz.de\/index.php?rest_route=\/wp\/v2\/users\/2"}],"replies":[{"embeddable":true,"href":"https:\/\/website.oranienschule-elz.de\/index.php?rest_route=%2Fwp%2Fv2%2Fcomments&post=42"}],"version-history":[{"count":64,"href":"https:\/\/website.oranienschule-elz.de\/index.php?rest_route=\/wp\/v2\/pages\/42\/revisions"}],"predecessor-version":[{"id":2284,"href":"https:\/\/website.oranienschule-elz.de\/index.php?rest_route=\/wp\/v2\/pages\/42\/revisions\/2284"}],"wp:attachment":[{"href":"https:\/\/website.oranienschule-elz.de\/index.php?rest_route=%2Fwp%2Fv2%2Fmedia&parent=42"}],"curies":[{"name":"wp","href":"https:\/\/api.w.org\/{rel}","templated":true}]}}

Über uns

<p class="has-medium-font-size">Die Oranienschule Elz ist eine von zwei Grundschulen in Elz und befindet sich im <span style="text-align: justify; line-height: 1.5;">Landkreis Limburg-Weilburg im westlichen Hessen an der Grenze zum Bundesland Rheinland-Pfalz.</span> Die Schule liegt am südlichen Dorfrand direkt im Wohngebiet und in unmittelbarer Nähe zur Turnhalle und zum Kindergarten St. Martin. Sie ist eine reine Grundschule. Momentan gibt es an der Oranienschule 8 Klassen und 2 Vorlaufkurse. Die Schülerzahl schwankt zwischen 120 und 150 Kindern.  Z<span style="text-align: justify; line-height: 1.5;">ur Zeit verfügt die Schule neben ihrer Schulleitung, Herrn Schupp (Rektor) und Herrn Koch (Konrektor) über neun Lehrerinnen und Lehrer. Sie werden unterstützt von einer BFZ-Lehrerin sowie einer UBUS-Kraft.</span> Unser Team wird unterstützt von Frau Silbereisen, unserer Sekretärin und Herrn Mintgen, unserem Hausmeister. Im Schuljahr 2024-25 wurde d<span style="text-align: justify; line-height: 1.5;">ie Oranienschule in den Pakt für den Ganztag aufgenommen.</span> Wir bieten Betreuungszeiten zwischen 07.00 Uhr und 16.00 Uhr an.</p>



<figure class="wp-block-image size-large"><img loading="lazy" decoding="async" width="1024" height="640" src="https://website.oranienschule-elz.de/wp-content/uploads/2024/09/Bilder-Schule-1024x640.jpg" alt="" class="wp-image-2268" srcset="https://website.oranienschule-elz.de/wp-content/uploads/2024/09/Bilder-Schule-1024x640.jpg 1024w, https://website.oranienschule-elz.de/wp-content/uploads/2024/09/Bilder-Schule-300x188.jpg 300w, https://website.oranienschule-elz.de/wp-content/uploads/2024/09/Bilder-Schule-768x480.jpg 768w, https://website.oranienschule-elz.de/wp-content/uploads/2024/09/Bilder-Schule-1536x960.jpg 1536w, https://website.oranienschule-elz.de/wp-content/uploads/2024/09/Bilder-Schule-2048x1280.jpg 2048w" sizes="auto, (max-width: 1024px) 100vw, 1024px" /></figure>



<p class="has-medium-font-size"></p>
<div class="pvc_clear"></div><p id="pvc_stats_42" class="pvc_stats all  " data-element-id="42" style=""><i class="pvc-stats-icon small" aria-hidden="true"><svg aria-hidden="true" focusable="false" data-prefix="far" data-icon="chart-bar" role="img" xmlns="http://www.w3.org/2000/svg" viewBox="0 0 512 512" class="svg-inline--fa fa-chart-bar fa-w-16 fa-2x"><path fill="currentColor" d="M396.8 352h22.4c6.4 0 12.8-6.4 12.8-12.8V108.8c0-6.4-6.4-12.8-12.8-12.8h-22.4c-6.4 0-12.8 6.4-12.8 12.8v230.4c0 6.4 6.4 12.8 12.8 12.8zm-192 0h22.4c6.4 0 12.8-6.4 12.8-12.8V140.8c0-6.4-6.4-12.8-12.8-12.8h-22.4c-6.4 0-12.8 6.4-12.8 12.8v198.4c0 6.4 6.4 12.8 12.8 12.8zm96 0h22.4c6.4 0 12.8-6.4 12.8-12.8V204.8c0-6.4-6.4-12.8-12.8-12.8h-22.4c-6.4 0-12.8 6.4-12.8 12.8v134.4c0 6.4 6.4 12.8 12.8 12.8zM496 400H48V80c0-8.84-7.16-16-16-16H16C7.16 64 0 71.16 0 80v336c0 17.67 14.33 32 32 32h464c8.84 0 16-7.16 16-16v-16c0-8.84-7.16-16-16-16zm-387.2-48h22.4c6.4 0 12.8-6.4 12.8-12.8v-70.4c0-6.4-6.4-12.8-12.8-12.8h-22.4c-6.4 0-12.8 6.4-12.8 12.8v70.4c0 6.4 6.4 12.8 12.8 12.8z" class=""></path></svg></i> <img loading="lazy" decoding="async" width="16" height="16" alt="Loading" src="https://website.oranienschule-elz.de/wp-content/plugins/page-views-count/ajax-loader-2x.gif" border=0 /></p><div class="pvc_clear"></div>

<p>Die Oranienschule Elz ist eine von zwei Grundschulen in Elz und befindet sich im Landkreis Limburg-Weilburg im westlichen Hessen an der Grenze zum Bundesland Rheinland-Pfalz. Die Schule liegt am südlichen Dorfrand direkt im Wohngebiet und in unmittelbarer Nähe zur Turnhalle und zum Kindergarten St. Martin. Sie ist eine reine Grundschule. Momentan gibt es an der &hellip; <a href="https://website.oranienschule-elz.de/?page_id=42" class="more-link"><span class="screen-reader-text">Über uns</span> weiterlesen <span class="meta-nav">&rarr;</span></a></p>
<div class="pvc_clear"></div>
<p id="pvc_stats_42" class="pvc_stats all  " data-element-id="42" style=""><i class="pvc-stats-icon small" aria-hidden="true"><svg aria-hidden="true" focusable="false" data-prefix="far" data-icon="chart-bar" role="img" xmlns="http://www.w3.org/2000/svg" viewBox="0 0 512 512" class="svg-inline--fa fa-chart-bar fa-w-16 fa-2x"><path fill="currentColor" d="M396.8 352h22.4c6.4 0 12.8-6.4 12.8-12.8V108.8c0-6.4-6.4-12.8-12.8-12.8h-22.4c-6.4 0-12.8 6.4-12.8 12.8v230.4c0 6.4 6.4 12.8 12.8 12.8zm-192 0h22.4c6.4 0 12.8-6.4 12.8-12.8V140.8c0-6.4-6.4-12.8-12.8-12.8h-22.4c-6.4 0-12.8 6.4-12.8 12.8v198.4c0 6.4 6.4 12.8 12.8 12.8zm96 0h22.4c6.4 0 12.8-6.4 12.8-12.8V204.8c0-6.4-6.4-12.8-12.8-12.8h-22.4c-6.4 0-12.8 6.4-12.8 12.8v134.4c0 6.4 6.4 12.8 12.8 12.8zM496 400H48V80c0-8.84-7.16-16-16-16H16C7.16 64 0 71.16 0 80v336c0 17.67 14.33 32 32 32h464c8.84 0 16-7.16 16-16v-16c0-8.84-7.16-16-16-16zm-387.2-48h22.4c6.4 0 12.8-6.4 12.8-12.8v-70.4c0-6.4-6.4-12.8-12.8-12.8h-22.4c-6.4 0-12.8 6.4-12.8 12.8v70.4c0 6.4 6.4 12.8 12.8 12.8z" class=""></path></svg></i> <img loading="lazy" decoding="async" width="16" height="16" alt="Loading" src="https://website.oranienschule-elz.de/wp-content/plugins/page-views-count/ajax-loader-2x.gif" border=0 /></p>
<div class="pvc_clear"></div>
