{"id":122,"date":"2014-02-14T17:18:07","date_gmt":"2014-02-14T17:18:07","guid":{"rendered":"http:\/\/website.oranienschule-elz.de\/?page_id=122"},"modified":"2024-10-08T12:52:52","modified_gmt":"2024-10-08T12:52:52","slug":"paedagogisches-konzept","status":"publish","type":"page","link":"https:\/\/website.oranienschule-elz.de\/?page_id=122","title":{"rendered":"P\u00e4dagogisches Konzept"},"content":{"rendered":"<p style=\"text-align: justify;\">Unsere Schule soll f\u00fcr alle Sch\u00fclerinnen und Sch\u00fcler, Eltern und Lehrer ein lebendiger Begegnungsort sein. Wir wollen gemeinsam effektiv lernen, soziale Beziehungen pflegen und kulturelle Anregungen aufgreifen. Unsere dauerhafte Aufgabe ist es, in m\u00f6glichst vielen Bereichen Akzente und Angebote zu setzen. Alle Kinder sollen in der Grundschule m\u00f6glichst vielf\u00e4ltige, gemeinsame Erfahrungen gewinnen. Dies gelingt am besten durch die Gestaltung einer positiven Lernstruktur und eines angenehmen Lernumfeldes. Alle aufgef\u00fchrten Ziele m\u00fcssen dazu jedoch gleicherma\u00dfen von Sch\u00fclerinnen und Sch\u00fclern, Eltern und Lehrern mitgetragen werden.<\/p>\n<p style=\"text-align: center;\"><strong>Die Sch\u00fclerinnen und Sch\u00fcler sollen sich beim Lernen &#8222;rundum&#8220; wohlf\u00fchlen!<\/strong><\/p>\n<h3 style=\"text-align: center;\"><\/h3>\n<p style=\"text-align: center;\"><a href=\"https:\/\/website.oranienschule-elz.de\/wp-content\/uploads\/2014\/02\/Oranienschule-360\u00b01.jpg\" target=\"_blank\" rel=\"noopener\"><img loading=\"lazy\" decoding=\"async\" class=\" wp-image-277 aligncenter\" style=\"border: 2px solid black;\" src=\"https:\/\/website.oranienschule-elz.de\/wp-content\/uploads\/2014\/02\/Oranienschule-360\u00b01-300x39.jpg\" alt=\"Oranienschule 360\u00b0\" width=\"900\" height=\"117\" srcset=\"https:\/\/website.oranienschule-elz.de\/wp-content\/uploads\/2014\/02\/Oranienschule-360\u00b01-300x39.jpg 300w, https:\/\/website.oranienschule-elz.de\/wp-content\/uploads\/2014\/02\/Oranienschule-360\u00b01-1024x133.jpg 1024w\" sizes=\"auto, (max-width: 900px) 100vw, 900px\" \/><\/a><\/p>\n<p style=\"text-align: center;\">(f\u00fcr 360\u00b0-Bild anklicken)<\/p>\n<h3 style=\"text-align: center;\"><\/h3>\n<h3 style=\"text-align: center;\"><em>&#8222;<\/em><em>Gemeinsam leben, lernen und wachsen&#8220;<\/em><\/h3>\n<p style=\"text-align: center;\"><img loading=\"lazy\" decoding=\"async\" class=\" wp-image-132 aligncenter\" src=\"https:\/\/website.oranienschule-elz.de\/wp-content\/uploads\/2014\/02\/Bildschirmfoto-2014-02-14-um-18.54.38-300x195.jpg\" alt=\"Windrose\" width=\"180\" height=\"117\" srcset=\"https:\/\/website.oranienschule-elz.de\/wp-content\/uploads\/2014\/02\/Bildschirmfoto-2014-02-14-um-18.54.38-300x195.jpg 300w, https:\/\/website.oranienschule-elz.de\/wp-content\/uploads\/2014\/02\/Bildschirmfoto-2014-02-14-um-18.54.38.jpg 854w\" sizes=\"auto, (max-width: 180px) 100vw, 180px\" \/><\/p>\n<p style=\"text-align: center;\">Wir wollen jeden in seiner individuellen Pers\u00f6nlichkeitsentwicklung f\u00f6rdern und st\u00e4rken. So sollen die Kinder:<\/p>\n<p style=\"text-align: justify;\"><em>\u2026zu einem friedlichen und sozialen Umgang miteinander finden,<\/em><\/p>\n<p style=\"text-align: justify;\"><em>\u2026Raum haben, individuelle Neigungen, F\u00e4higkeiten und Fertigkeiten zu schulen,<\/em><\/p>\n<p style=\"text-align: justify;\"><em>\u2026lernen, Konflikte gewaltfrei zu l\u00f6sen,<\/em><\/p>\n<p style=\"text-align: justify;\"><em>\u2026sich gegenseitig achten, R\u00fccksicht nehmen und h\u00f6flich miteinander umgehen,<\/em><\/p>\n<p style=\"text-align: justify;\"><em>\u2026fremdes Eigentum achten und pfleglich behandeln,<\/em><\/p>\n<p style=\"text-align: justify;\"><em>\u2026sorgf\u00e4ltig den eigenen K\u00f6rper beachten und zu seiner Gesundhaltung beitragen,<\/em><\/p>\n<p style=\"text-align: justify;\"><em>\u2026sinnvolle Regeln f\u00fcr Ordnung und Disziplin anerkennen und befolgen,<\/em><\/p>\n<p style=\"text-align: justify;\"><em>\u2026grundlegende F\u00e4higkeiten und Fertigkeiten in kognitiven und affektiven Bereichen erwerben.<\/em><\/p>\n<p>Dazu bedarf es gegenseitiger Achtung und Wertsch\u00e4tzung wie auch einer harmonischen Zusammenarbeit. Zur Erhaltung der k\u00f6rperlichen und geistigen Leistungsf\u00e4higkeit sowie zur F\u00f6rderung des pers\u00f6nlichen Gesundheitsbewusstseins praktizieren wir an unserer Schule den <strong>&#8222;<a title=\"Zuckerfreier Vormittag\" href=\"http:\/\/www.schuleundgesundheit.hessen.de\/fileadmin\/content\/Medien\/Schulalltag.pdf\" target=\"_blank\" rel=\"noopener\">Zuckerfreien Vormittag<\/a>&#8222;<\/strong> und legen Wert auf ein gesundes Fr\u00fchst\u00fcck aller Sch\u00fclerinnen und Sch\u00fcler. Dar\u00fcber hinaus nimmt unsere Schule am bundesweit gr\u00f6\u00dften Programm zur Gesundheitsf\u00f6rderung, Sucht- und Gewaltvorbeugung in der Grundschule <strong>&#8222;<a title=\"Klasse 2000\" href=\"http:\/\/www.klasse2000.de\" target=\"_blank\" rel=\"noopener\">Klasse 2000<\/a>&#8222;<\/strong> teil<span style=\"line-height: 1.5;\">.<\/span><\/p>\n<p><a title=\"Klasse 2000\" href=\"http:\/\/www.klasse2000.de\" target=\"_blank\" rel=\"noopener\"><img loading=\"lazy\" decoding=\"async\" class=\"size-full wp-image-284 alignleft\" style=\"line-height: 1.5; font-style: italic;\" src=\"https:\/\/website.oranienschule-elz.de\/wp-content\/uploads\/2014\/02\/Klaro.gif\" alt=\"Klaro\" width=\"62\" height=\"92\" \/><\/a><\/p>\n<address style=\"text-align: justify;\">\u00a0<\/address>\n<div class=\"pvc_clear\"><\/div>\n<p id=\"pvc_stats_122\" class=\"pvc_stats all  \" data-element-id=\"122\" style=\"\"><i class=\"pvc-stats-icon small\" aria-hidden=\"true\"><svg aria-hidden=\"true\" focusable=\"false\" data-prefix=\"far\" data-icon=\"chart-bar\" role=\"img\" xmlns=\"http:\/\/www.w3.org\/2000\/svg\" viewBox=\"0 0 512 512\" class=\"svg-inline--fa fa-chart-bar fa-w-16 fa-2x\"><path fill=\"currentColor\" d=\"M396.8 352h22.4c6.4 0 12.8-6.4 12.8-12.8V108.8c0-6.4-6.4-12.8-12.8-12.8h-22.4c-6.4 0-12.8 6.4-12.8 12.8v230.4c0 6.4 6.4 12.8 12.8 12.8zm-192 0h22.4c6.4 0 12.8-6.4 12.8-12.8V140.8c0-6.4-6.4-12.8-12.8-12.8h-22.4c-6.4 0-12.8 6.4-12.8 12.8v198.4c0 6.4 6.4 12.8 12.8 12.8zm96 0h22.4c6.4 0 12.8-6.4 12.8-12.8V204.8c0-6.4-6.4-12.8-12.8-12.8h-22.4c-6.4 0-12.8 6.4-12.8 12.8v134.4c0 6.4 6.4 12.8 12.8 12.8zM496 400H48V80c0-8.84-7.16-16-16-16H16C7.16 64 0 71.16 0 80v336c0 17.67 14.33 32 32 32h464c8.84 0 16-7.16 16-16v-16c0-8.84-7.16-16-16-16zm-387.2-48h22.4c6.4 0 12.8-6.4 12.8-12.8v-70.4c0-6.4-6.4-12.8-12.8-12.8h-22.4c-6.4 0-12.8 6.4-12.8 12.8v70.4c0 6.4 6.4 12.8 12.8 12.8z\" class=\"\"><\/path><\/svg><\/i> <img loading=\"lazy\" decoding=\"async\" width=\"16\" height=\"16\" alt=\"Loading\" src=\"https:\/\/website.oranienschule-elz.de\/wp-content\/plugins\/page-views-count\/ajax-loader-2x.gif\" border=0 \/><\/p>\n<div class=\"pvc_clear\"><\/div>\n","protected":false},"excerpt":{"rendered":"<p>Unsere Schule soll f\u00fcr alle Sch\u00fclerinnen und Sch\u00fcler, Eltern und Lehrer ein lebendiger Begegnungsort sein. Wir wollen gemeinsam effektiv lernen, soziale Beziehungen pflegen und kulturelle Anregungen aufgreifen. Unsere dauerhafte Aufgabe ist es, in m\u00f6glichst vielen Bereichen Akzente und Angebote zu setzen. Alle Kinder sollen in der Grundschule m\u00f6glichst vielf\u00e4ltige, gemeinsame Erfahrungen gewinnen. Dies gelingt am &hellip; <a href=\"https:\/\/website.oranienschule-elz.de\/?page_id=122\" class=\"more-link\"><span class=\"screen-reader-text\">P\u00e4dagogisches Konzept<\/span> weiterlesen <span class=\"meta-nav\">&rarr;<\/span><\/a><\/p>\n<div class=\"pvc_clear\"><\/div>\n<p id=\"pvc_stats_122\" class=\"pvc_stats all  \" data-element-id=\"122\" style=\"\"><i class=\"pvc-stats-icon small\" aria-hidden=\"true\"><svg aria-hidden=\"true\" focusable=\"false\" data-prefix=\"far\" data-icon=\"chart-bar\" role=\"img\" xmlns=\"http:\/\/www.w3.org\/2000\/svg\" viewBox=\"0 0 512 512\" class=\"svg-inline--fa fa-chart-bar fa-w-16 fa-2x\"><path fill=\"currentColor\" d=\"M396.8 352h22.4c6.4 0 12.8-6.4 12.8-12.8V108.8c0-6.4-6.4-12.8-12.8-12.8h-22.4c-6.4 0-12.8 6.4-12.8 12.8v230.4c0 6.4 6.4 12.8 12.8 12.8zm-192 0h22.4c6.4 0 12.8-6.4 12.8-12.8V140.8c0-6.4-6.4-12.8-12.8-12.8h-22.4c-6.4 0-12.8 6.4-12.8 12.8v198.4c0 6.4 6.4 12.8 12.8 12.8zm96 0h22.4c6.4 0 12.8-6.4 12.8-12.8V204.8c0-6.4-6.4-12.8-12.8-12.8h-22.4c-6.4 0-12.8 6.4-12.8 12.8v134.4c0 6.4 6.4 12.8 12.8 12.8zM496 400H48V80c0-8.84-7.16-16-16-16H16C7.16 64 0 71.16 0 80v336c0 17.67 14.33 32 32 32h464c8.84 0 16-7.16 16-16v-16c0-8.84-7.16-16-16-16zm-387.2-48h22.4c6.4 0 12.8-6.4 12.8-12.8v-70.4c0-6.4-6.4-12.8-12.8-12.8h-22.4c-6.4 0-12.8 6.4-12.8 12.8v70.4c0 6.4 6.4 12.8 12.8 12.8z\" class=\"\"><\/path><\/svg><\/i> <img loading=\"lazy\" decoding=\"async\" width=\"16\" height=\"16\" alt=\"Loading\" src=\"https:\/\/website.oranienschule-elz.de\/wp-content\/plugins\/page-views-count\/ajax-loader-2x.gif\" border=0 \/><\/p>\n<div class=\"pvc_clear\"><\/div>\n","protected":false},"author":2,"featured_media":0,"parent":0,"menu_order":0,"comment_status":"closed","ping_status":"closed","template":"","meta":{"footnotes":""},"class_list":["post-122","page","type-page","status-publish","hentry"],"a3_pvc":{"activated":true,"total_views":2852,"today_views":0},"_links":{"self":[{"href":"https:\/\/website.oranienschule-elz.de\/index.php?rest_route=\/wp\/v2\/pages\/122","targetHints":{"allow":["GET"]}}],"collection":[{"href":"https:\/\/website.oranienschule-elz.de\/index.php?rest_route=\/wp\/v2\/pages"}],"about":[{"href":"https:\/\/website.oranienschule-elz.de\/index.php?rest_route=\/wp\/v2\/types\/page"}],"author":[{"embeddable":true,"href":"https:\/\/website.oranienschule-elz.de\/index.php?rest_route=\/wp\/v2\/users\/2"}],"replies":[{"embeddable":true,"href":"https:\/\/website.oranienschule-elz.de\/index.php?rest_route=%2Fwp%2Fv2%2Fcomments&post=122"}],"version-history":[{"count":35,"href":"https:\/\/website.oranienschule-elz.de\/index.php?rest_route=\/wp\/v2\/pages\/122\/revisions"}],"predecessor-version":[{"id":2315,"href":"https:\/\/website.oranienschule-elz.de\/index.php?rest_route=\/wp\/v2\/pages\/122\/revisions\/2315"}],"wp:attachment":[{"href":"https:\/\/website.oranienschule-elz.de\/index.php?rest_route=%2Fwp%2Fv2%2Fmedia&parent=122"}],"curies":[{"name":"wp","href":"https:\/\/api.w.org\/{rel}","templated":true}]}}

Pädagogisches Konzept

<p style="text-align: justify;">Unsere Schule soll für alle Schülerinnen und Schüler, Eltern und Lehrer ein lebendiger Begegnungsort sein. Wir wollen gemeinsam effektiv lernen, soziale Beziehungen pflegen und kulturelle Anregungen aufgreifen. Unsere dauerhafte Aufgabe ist es, in möglichst vielen Bereichen Akzente und Angebote zu setzen. Alle Kinder sollen in der Grundschule möglichst vielfältige, gemeinsame Erfahrungen gewinnen. Dies gelingt am besten durch die Gestaltung einer positiven Lernstruktur und eines angenehmen Lernumfeldes. Alle aufgeführten Ziele müssen dazu jedoch gleichermaßen von Schülerinnen und Schülern, Eltern und Lehrern mitgetragen werden.</p>
<p style="text-align: center;"><strong>Die Schülerinnen und Schüler sollen sich beim Lernen &#8222;rundum&#8220; wohlfühlen!</strong></p>
<h3 style="text-align: center;"></h3>
<p style="text-align: center;"><a href="https://website.oranienschule-elz.de/wp-content/uploads/2014/02/Oranienschule-360°1.jpg" target="_blank" rel="noopener"><img loading="lazy" decoding="async" class=" wp-image-277 aligncenter" style="border: 2px solid black;" src="https://website.oranienschule-elz.de/wp-content/uploads/2014/02/Oranienschule-360°1-300x39.jpg" alt="Oranienschule 360°" width="900" height="117" srcset="https://website.oranienschule-elz.de/wp-content/uploads/2014/02/Oranienschule-360°1-300x39.jpg 300w, https://website.oranienschule-elz.de/wp-content/uploads/2014/02/Oranienschule-360°1-1024x133.jpg 1024w" sizes="auto, (max-width: 900px) 100vw, 900px" /></a></p>
<p style="text-align: center;">(für 360°-Bild anklicken)</p>
<h3 style="text-align: center;"></h3>
<h3 style="text-align: center;"><em>&#8222;</em><em>Gemeinsam leben, lernen und wachsen&#8220;</em></h3>
<p style="text-align: center;"><img loading="lazy" decoding="async" class=" wp-image-132 aligncenter" src="https://website.oranienschule-elz.de/wp-content/uploads/2014/02/Bildschirmfoto-2014-02-14-um-18.54.38-300x195.jpg" alt="Windrose" width="180" height="117" srcset="https://website.oranienschule-elz.de/wp-content/uploads/2014/02/Bildschirmfoto-2014-02-14-um-18.54.38-300x195.jpg 300w, https://website.oranienschule-elz.de/wp-content/uploads/2014/02/Bildschirmfoto-2014-02-14-um-18.54.38.jpg 854w" sizes="auto, (max-width: 180px) 100vw, 180px" /></p>
<p style="text-align: center;">Wir wollen jeden in seiner individuellen Persönlichkeitsentwicklung fördern und stärken. So sollen die Kinder:</p>
<p style="text-align: justify;"><em>…zu einem friedlichen und sozialen Umgang miteinander finden,</em></p>
<p style="text-align: justify;"><em>…Raum haben, individuelle Neigungen, Fähigkeiten und Fertigkeiten zu schulen,</em></p>
<p style="text-align: justify;"><em>…lernen, Konflikte gewaltfrei zu lösen,</em></p>
<p style="text-align: justify;"><em>…sich gegenseitig achten, Rücksicht nehmen und höflich miteinander umgehen,</em></p>
<p style="text-align: justify;"><em>…fremdes Eigentum achten und pfleglich behandeln,</em></p>
<p style="text-align: justify;"><em>…sorgfältig den eigenen Körper beachten und zu seiner Gesundhaltung beitragen,</em></p>
<p style="text-align: justify;"><em>…sinnvolle Regeln für Ordnung und Disziplin anerkennen und befolgen,</em></p>
<p style="text-align: justify;"><em>…grundlegende Fähigkeiten und Fertigkeiten in kognitiven und affektiven Bereichen erwerben.</em></p>
<p>Dazu bedarf es gegenseitiger Achtung und Wertschätzung wie auch einer harmonischen Zusammenarbeit. Zur Erhaltung der körperlichen und geistigen Leistungsfähigkeit sowie zur Förderung des persönlichen Gesundheitsbewusstseins praktizieren wir an unserer Schule den <strong>&#8222;<a title="Zuckerfreier Vormittag" href="http://www.schuleundgesundheit.hessen.de/fileadmin/content/Medien/Schulalltag.pdf" target="_blank" rel="noopener">Zuckerfreien Vormittag</a>&#8222;</strong> und legen Wert auf ein gesundes Frühstück aller Schülerinnen und Schüler. Darüber hinaus nimmt unsere Schule am bundesweit größten Programm zur Gesundheitsförderung, Sucht- und Gewaltvorbeugung in der Grundschule <strong>&#8222;<a title="Klasse 2000" href="http://www.klasse2000.de" target="_blank" rel="noopener">Klasse 2000</a>&#8222;</strong> teil<span style="line-height: 1.5;">.</span></p>
<p><a title="Klasse 2000" href="http://www.klasse2000.de" target="_blank" rel="noopener"><img loading="lazy" decoding="async" class="size-full wp-image-284 alignleft" style="line-height: 1.5; font-style: italic;" src="https://website.oranienschule-elz.de/wp-content/uploads/2014/02/Klaro.gif" alt="Klaro" width="62" height="92" /></a></p>
<address style="text-align: justify;"> </address>
<div class="pvc_clear"></div>
<p id="pvc_stats_122" class="pvc_stats all  " data-element-id="122" style=""><i class="pvc-stats-icon small" aria-hidden="true"><svg aria-hidden="true" focusable="false" data-prefix="far" data-icon="chart-bar" role="img" xmlns="http://www.w3.org/2000/svg" viewBox="0 0 512 512" class="svg-inline--fa fa-chart-bar fa-w-16 fa-2x"><path fill="currentColor" d="M396.8 352h22.4c6.4 0 12.8-6.4 12.8-12.8V108.8c0-6.4-6.4-12.8-12.8-12.8h-22.4c-6.4 0-12.8 6.4-12.8 12.8v230.4c0 6.4 6.4 12.8 12.8 12.8zm-192 0h22.4c6.4 0 12.8-6.4 12.8-12.8V140.8c0-6.4-6.4-12.8-12.8-12.8h-22.4c-6.4 0-12.8 6.4-12.8 12.8v198.4c0 6.4 6.4 12.8 12.8 12.8zm96 0h22.4c6.4 0 12.8-6.4 12.8-12.8V204.8c0-6.4-6.4-12.8-12.8-12.8h-22.4c-6.4 0-12.8 6.4-12.8 12.8v134.4c0 6.4 6.4 12.8 12.8 12.8zM496 400H48V80c0-8.84-7.16-16-16-16H16C7.16 64 0 71.16 0 80v336c0 17.67 14.33 32 32 32h464c8.84 0 16-7.16 16-16v-16c0-8.84-7.16-16-16-16zm-387.2-48h22.4c6.4 0 12.8-6.4 12.8-12.8v-70.4c0-6.4-6.4-12.8-12.8-12.8h-22.4c-6.4 0-12.8 6.4-12.8 12.8v70.4c0 6.4 6.4 12.8 12.8 12.8z" class=""></path></svg></i> <img loading="lazy" decoding="async" width="16" height="16" alt="Loading" src="https://website.oranienschule-elz.de/wp-content/plugins/page-views-count/ajax-loader-2x.gif" border=0 /></p>
<div class="pvc_clear"></div>

<p>Unsere Schule soll für alle Schülerinnen und Schüler, Eltern und Lehrer ein lebendiger Begegnungsort sein. Wir wollen gemeinsam effektiv lernen, soziale Beziehungen pflegen und kulturelle Anregungen aufgreifen. Unsere dauerhafte Aufgabe ist es, in möglichst vielen Bereichen Akzente und Angebote zu setzen. Alle Kinder sollen in der Grundschule möglichst vielfältige, gemeinsame Erfahrungen gewinnen. Dies gelingt am &hellip; <a href="https://website.oranienschule-elz.de/?page_id=122" class="more-link"><span class="screen-reader-text">Pädagogisches Konzept</span> weiterlesen <span class="meta-nav">&rarr;</span></a></p>
<div class="pvc_clear"></div>
<p id="pvc_stats_122" class="pvc_stats all  " data-element-id="122" style=""><i class="pvc-stats-icon small" aria-hidden="true"><svg aria-hidden="true" focusable="false" data-prefix="far" data-icon="chart-bar" role="img" xmlns="http://www.w3.org/2000/svg" viewBox="0 0 512 512" class="svg-inline--fa fa-chart-bar fa-w-16 fa-2x"><path fill="currentColor" d="M396.8 352h22.4c6.4 0 12.8-6.4 12.8-12.8V108.8c0-6.4-6.4-12.8-12.8-12.8h-22.4c-6.4 0-12.8 6.4-12.8 12.8v230.4c0 6.4 6.4 12.8 12.8 12.8zm-192 0h22.4c6.4 0 12.8-6.4 12.8-12.8V140.8c0-6.4-6.4-12.8-12.8-12.8h-22.4c-6.4 0-12.8 6.4-12.8 12.8v198.4c0 6.4 6.4 12.8 12.8 12.8zm96 0h22.4c6.4 0 12.8-6.4 12.8-12.8V204.8c0-6.4-6.4-12.8-12.8-12.8h-22.4c-6.4 0-12.8 6.4-12.8 12.8v134.4c0 6.4 6.4 12.8 12.8 12.8zM496 400H48V80c0-8.84-7.16-16-16-16H16C7.16 64 0 71.16 0 80v336c0 17.67 14.33 32 32 32h464c8.84 0 16-7.16 16-16v-16c0-8.84-7.16-16-16-16zm-387.2-48h22.4c6.4 0 12.8-6.4 12.8-12.8v-70.4c0-6.4-6.4-12.8-12.8-12.8h-22.4c-6.4 0-12.8 6.4-12.8 12.8v70.4c0 6.4 6.4 12.8 12.8 12.8z" class=""></path></svg></i> <img loading="lazy" decoding="async" width="16" height="16" alt="Loading" src="https://website.oranienschule-elz.de/wp-content/plugins/page-views-count/ajax-loader-2x.gif" border=0 /></p>
<div class="pvc_clear"></div>
